et s(r) = -3*r**2 + 5*r - 5. Give s(i).
-33
Let b be (-2)/5 - 615/25. Let y = -23 - b. Let i(m) = 4 - 5*m**y + 10*m**2 + 6*m - 5*m + m**3. Calculate i(-5).
-1
Let v(j) = -4*j + 62. Let u(k) = -55*k - 814. Let o be u(-15). Calculate v(o).
18
Let s = -12287 + 12287. Let h(q) be the third derivative of 0 + s*q + 30*q**2 + 0*q**4 + 1/120*q**6 - 1/6*q**3 + 1/60*q**5. What is h(1)?
1
Let n(y) = 7 + 2443795*y**2 - 1 - 2*y - 2443794*y**2. Give n(12).
126
Let d(p) = p + 5. Let s(y) = -4*y**2 + y. Let t be s(1). Let m = -3446 + 3447. Let g(w) = w. Let f(i) = m*d(i) + t*g(i). Give f(7).
-9
Let r(l) = 15*l**2 + 0*l - 6*l**2 - l + 6*l + l**3 - 10. Let f(x) = x**2 + 5*x - 92. Suppose -91 + 252 = 23*k. Let t be f(k). Determine r(t).
14
Let s be 2/(-11)*(6 - 17). Let q(v) = -47*v + 148*v - 49*v + v**s - 50*v + 3. Give q(-3).
6
Let s(w) = 79 - 7*w + 4 - 34 - 22. Calculate s(2).
13
Let q(r) = -r**2 - 160*r - 2036. Let l be q(-14). Let i(b) = b**3 - 10*b**2 - 1. What is i(l)?
-129
Suppose -12 = 2*w - 4*j, 3*w + 4*j = -250 + 262. Let o(y) = -y**3 - 3*y**2 + 32. Calculate o(w).
32
Let b(l) = 2 - 19 - 15 + 32 + l. Let x(i) = i**3 + 5*i**2 + 4*i + 1. Let j be x(-4). Calculate b(j).
1
Suppose 9*a - 30 = 15. Suppose 2*o + 0*w + w = -1, 2*o = 5*w + a. Let p(i) = -i**3 + i**2 - i + 2. Determine p(o).
2
Suppose 12 = -4*k + 2*g, 0*g - 12 = 4*k + g. Let r = k + 8. Let c(d) = d**3 + 22*d - 16*d - 7 + 7 - 1 - 6*d**2. Calculate c(r).
4
Let q(g) = -2*g**2 + 14*g - 18. Suppose -2*b + 3 = 9, -4*f + 2*b - 14 = 0. Let z be ((-2)/f)/((-2)/(-30)). Determine q(z).
-6
Let o(t) be the third derivative of 0 + 1/12*t**4 + 2*t**2 + 1/6*t**3 + 1/60*t**5 - 2*t. Let b be -2 - ((-1)/1)/1. What is o(b)?
0
Let u(f) = -f**3 - 19 + 37 - 31*f**2 - 23 + 24*f - f**3 + 53*f**2. Calculate u(12).
-5
Let z(q) = 72 + 6*q - 26 - 62 - 38. Let b be z(10). Let c(r) = r**2 - 6*r + 8. Calculate c(b).
8
Suppose -c = 8 - 0. Let u(t) be the second derivative of -t**3/6 - 6*t**2 - 3*t + 650. Determine u(c).
-4
Let d(u) = -12*u**2 - 458*u - 784. Let x(l) = 2*l**2 + 88*l + 157. Let n(i) = 2*d(i) + 11*x(i). Determine n(-3).
-15
Let c(g) be the third derivative of -37*g**4/24 - 2*g**3/3 - 2*g**2 - 2010*g. What is c(3)?
-115
Let u(o) = 3*o. Let w = 0 + 3. Suppose -2*q + 4*d + 24 = 0, -2*q + 2*d + 11 = -w. Determine u(q).
6
Suppose 6 = -4*k + 2*i + 28, 0 = 4*k + 4*i - 52. Let r(w) = -4*w - 4 - k*w + 5*w + 6*w. Let o(u) = u**2 - 4*u + 3. Let f be o(3). What is r(f)?
-4
Suppose 0 = 9*u - 7004 - 14389. Let r(p) = u*p + 5 - 2376*p + 0. What is r(0)?
5
Let k(r) = -r**3 + 10*r**2 - 2*r + 13. Let v be k(10). Suppose -3*x - 7 = -3*f - 2*x, 3*f - 2 = -4*x. Let t(z) = -2 - 4 - f + 18*z - 19*z. Determine t(v).
-1
Suppose v + 0 = -5*h + 3, 0 = -h. Let f(d) = 2*d**3 - 2*d**2 + 8*d - 2. Let n(k) = 4*k**3 - 5*k**2 + 15*k - 4. Let o(j) = 5*f(j) - 3*n(j). Determine o(v).
-22
Suppose 0 = -3*h + 4 - 1. Let v = 637 - 391. Let l(w) = -v*w**3 + 495*w**3 - 246*w**3. Determine l(h).
3
Let r(b) = b + 30. Let i = 2291 - 2299. Calculate r(i).
22
Let m = 114 + -107. Suppose 0 = m*f - 11 - 3. Let h(c) = 0*c - 4*c**3 + 2*c + c**f + 7*c**3 + 2 - 2*c**3. What is h(-2)?
-6
Let p(y) be the third derivative of -y**6/120 - 7*y**5/60 - y**4/4 - 4*y**3/3 + 2*y**2. Suppose -11*k = -32*k + 9*k - 72. What is p(k)?
-8
Let t = 13 - 25. Let l be t/((-2)/6 + 16/(-24)). Let x = -8 + l. Let p(i) = i - 1. Calculate p(x).
3
Let j(n) = -n**3 - 7*n**2 + 2*n + 7. Suppose 2*u = -3*u - 165. Let l = u + 38. Suppose -l = -2*o - 1, -5*z + 3*o = 41. What is j(z)?
-7
Let c be ((-22)/4 + 1)*936/(-108). Let s be (-7)/(-3) + (-2)/6*1. Let i(x) = -c*x + s - 35*x + 75*x. Calculate i(-9).
-7
Let f(m) = m - 25. Suppose 24*n - 16*n = 96. Let u(c) = 4*c - 48. Let w be u(n). What is f(w)?
-25
Suppose 11*u - 17 = 27. Let x(d) = 4*d - 2. Determine x(u).
14
Let k(x) = x**2 + 39*x + 103. Suppose -m - 9 = 5*l + 17, m - 3*l = -42. Calculate k(m).
-5
Let d(h) = -5*h + 8*h**2 + h + 10*h - 17 + 2*h + h**3 + 2*h**2. Determine d(-9).
-8
Let o(p) = -2 + 0*p**2 + p**2 + 17*p - 8*p + 0*p**2. Suppose -209 = 26*u - 1. Calculate o(u).
-10
Let o(q) be the first derivative of -5*q**2/2 + 44*q - 126. Let t(u) = -14*u + 125. Let m(l) = -17*o(l) + 6*t(l). Determine m(3).
5
Suppose 0 = -5*g + 8*g - 6, g = -4*k + 2. Let r(p) = -5*p + 2 + p**3 + 4*p + k*p + p**2. Suppose -n = -3, 3*f + n - 8 = 1. Give r(f).
12
Let d(o) = -8*o**3 - 4*o**2 + 2*o + 5. Let r(w) = 9*w**3 + 3*w**2 - w - 4. Let s(n) = -5*n - 244. Let p be s(-48). Let j(v) = p*r(v) - 3*d(v). Give j(1).
-13
Let d(f) be the third derivative of 7*f**4/4 + 23*f**3/2 + 2407*f**2. Give d(-2).
-15
Suppose 2*k + p - 4*p = 1, -3*k = -5*p - 1. Let g(n) be the second derivative of n**4/6 - 2*n**3/3 + 3*n**2/2 + 30*n + 49. Calculate g(k).
3
Let q(l) = l**3 - 12*l**2 + 10*l + 14. Let i be q(11). Let d be 10*((-45)/18 + i). Let m(f) = -f**3 + 6*f**2 - 6*f - 2. Give m(d).
-7
Let y(q) be the first derivative of -q**4/2 - 2*q**3/3 - 5*q**2/2 - 4*q - 124. Determine y(-3).
47
Let n(p) = -p**3 - p**2 + 2*p + 4. Let r(g) = 6*g**3 + 12*g**2 - 26*g - 94. Let t(z) = 5*n(z) + r(z). Determine t(-8).
-10
Let c(j) = -j**3 - 3*j**2 + 12*j + 6. Let r be c(-5). Let a be r - 0 - (-19 + 3). Let u(x) = -10*x**2 - x + 3*x**3 + a*x**2 - 2*x**3 - 3*x**2. What is u(-1)?
-1
Suppose -2*m + x = -4*x - 972, 0 = m - 4*x - 480. Suppose 0 = -2*w - m + 518. Let h(p) = p**3 - 10*p**2 - 9*p - 7. Give h(w).
15
Let u(v) = 2*v**3 - 24*v**2 + v - 11. Let a be (-216)/(-360)*10*2. Give u(a).
1
Let h(x) = -15*x**2 + 83*x + 31. Let i(q) = 104*q**2 - 569*q - 216. Let p(f) = 41*h(f) + 6*i(f). Determine p(-3).
89
Suppose 8*q + 7 + 33 = 0. Let r be (-47)/5*q*(3 + -2). Suppose 5*b = z + 42, r - 17 = 4*b + z. Let v(o) = o - 16. Give v(b).
-8
Let n(v) = 17*v**3 - 162*v**2 + 4*v + 606. Let r(z) = 3*z**3 - 33*z**2 + z + 121. Let o(h) = 2*n(h) - 11*r(h). What is o(-39)?
-2
Let t(w) = w**3 - w**2 - w + 2. Let j(s) = -11*s - 50. Let x be j(-14). Let p = x - 101. Determine t(p).
17
Let t(g) = -11*g - 22. Let x(y) = 35*y + 66. Let u(l) = -7*t(l) - 2*x(l). What is u(-4)?
-6
Let r(t) be the second derivative of -13*t**3/3 - 4*t**2 + 980*t + 3. What is r(-2)?
44
Let b(f) = -f**2 + f + 7. Suppose 0 = 24*x - 119 + 47. What is b(x)?
1
Suppose -23*r + 2 - 63 = 123. Let i(c) = c**2 + 7*c - 27. What is i(r)?
-19
Let g(x) = 4*x + 14. Let y(i) be the second derivative of -i**3/6 - 2*i**2 + 2*i + 14. Let h(j) = -3*g(j) - 8*y(j). Calculate h(-8).
22
Let l(s) = s - 4*s + 2*s. Suppose -4*k = 4*j - 16, -3*j + 7 - 51 = -4*k. Suppose 5*y - k = 17. Calculate l(y).
-5
Let o(j) = 3*j**3 - 2*j**2 + 4*j**2 + 661 - 657 + 2*j - j + j**2. What is o(3)?
115
Let u(r) = -4*r - 30. Let t(a) = -a**3 - 18*a**2 + 68*a + 90. Let x be t(-21). Determine u(x).
30
Let r(i) = -49*i**2 + 43*i. Let t be r(1). Let p(a) = 5*a + 28. Give p(t).
-2
Suppose 22*r - 34 + 8 = 40. Let o(x) be the second derivative of -11*x + 0 - 1/6*x**r + 13/2*x**2. Determine o(0).
13
Let m(z) = 3*z**2 + 11*z + 40. Let l(x) = 5*x**2 + 10*x + 43. Let s(t) = -2*l(t) + 3*m(t). Give s(11).
56
Let n(h) = 3*h**3 + 3*h**2 + 3*h + 8. Let p(w) = 5*w**3 + 5*w**2 + w + 7. Let f(l) = 3*n(l) - 2*p(l). Give f(3).
-5
Let m(v) = 9*v. Let o = 375 + -373. Suppose 41*g - 42*g = o. What is m(g)?
-18
Let d = -4920 - -4910. Let o(w) = -w**2 - 7*w + 25. Give o(d).
-5
Let p(l) = -l**3 + 10*l**2 - 9*l + 2. Let z = 13 + -14. Let d be (-1)/(-3)*(2 - -1) + z. Suppose -3*n + 6*n - 11 = 4*y, -y + 4 = d. Determine p(n).
2
Let s be ((-357)/(-476))/(-2*(-1)/8). Suppose -n - 7 = 4*q + s, 4*q + 2*n = -12. Let h(m) = -19*m + 2. Determine h(q).
40
Let x(u) = -18*u - 87*u + 144*u + 25 - 26*u + u**2. Determine x(-5).
-15
Let d = -108 - -111. Let o(a) = 2*a + 2. Let w be o(d). Let j(c) = c**2 - 8*c + 3. What is j(w)?
3
Let t(q) = -q**3 - 4*q**2 - 2*q + 4. Let d(p) = -p**2 + 20*p - 69. Let x be d(16). Let a be (-7 + 15)/(x - -3). Give t(a).
12
Let v(k) = 1 - 9*k + 12 + 2*k**2 - 12*k. Suppose 0 = -60*w + 4308 - 3708. What is v(w)?
3
Let m(z) = z**2 + 19*z + 66. Let p be m(-3). Let j(a) = 10*a - 2 - 38*a + p*a + 11*a. What is j(1)?
-1
Let p = -118 + 150. Suppose -10*v + p = -26*v. Let m(o) = 2*o**3 - 2*o**2 - 2*o - 1. Give m(v).
-21
Suppose -3 = -3*h, -2*p + 3*p + 14 = h. Let c(f) = -5 - 10*f + 11*f + 24. Determine c(p).
6
L